21*o + 6743. What is c(16)?
7
Let v(i) = -28*i**3 + 2740*i**2 + 389*i - 6. Determine v(98).
-300
Let o(r) = r**3 + 23*r**2 + 632*r + 8321. Give o(-16).
1
Let o(h) = -h**3 + 386*h**2 + 6061*h - 18514. What is o(401)?
-68
Let x(j) = 20898*j**2 - 8484588*j - 1. Determine x(406).
-1
Let z(d) = -99*d + 313. Calculate z(4).
-83
Let n(u) = 10*u**2 + 229*u - 2077. Give n(7).
16
Let c(s) = -353*s**2 - 536586*s - 39516. Give c(-1520).
4
Let t(f) = -f**3 + 39*f**2 - 1702*f + 73222. What is t(41)?
78
Let o(h) = 402*h + 56029. What is o(-139)?
151
Let o(x) = -190*x**2 + 1638*x - 1639. Calculate o(1).
-191
Let g(j) = -2*j**3 - 63*j**2 - 455*j - 213. Calculate g(-10).
37
Let u(b) = 580*b**2 + 1486*b - 3342. Give u(-4).
-6
Let a(z) = -8*z**3 - 2842*z**2 - 708*z + 452. What is a(-355)?
-258
Let d(n) = -24*n**2 + 1717*n - 926. What is d(71)?
-3
Let r(c) = 5*c**3 + 63*c**2 - 38*c + 726. Give r(-14).
-114
Let y(z) = -278*z + 307. What is y(1)?
29
Let h(q) = -3578*q - 64425. What is h(-18)?
-21
Let g(t) = 19*t**2 + 5459*t + 387643. Calculate g(-159).
1
Let y(x) = -31184*x - 93517. Determine y(-3).
35
Let z(b) = 1913*b + 309913. What is z(-161)?
1920
Let o(t) = -t**3 - 9*t**2 - 532*t - 3523. Determine o(-7).
103
Let w(l) = 87*l - 14895. Give w(171).
-18
Let y(k) = -72*k**3 + 3601*k**2 - 150*k + 4997. Determine y(50).
-3
Let h(b) = 275*b + 16625. Calculate h(-60).
125
Let f(a) = a**3 - 98*a**2 + 344*a - 4430. Give f(95).
1175
Let x(u) = 20*u**2 - 87*u - 81. Give x(-4).
587
Let x(h) = 13*h**2 - 4466*h + 2474. Calculate x(343).
73
Let b(z) = -22*z**3 - 617*z**2 + 143*z + 4762. Determine b(-28).
-26
Let b(i) = 7*i**2 - 1327*i - 166961. Calculate b(276).
19
Let x(w) = -5*w**2 - 1188*w - 68080. Give x(-96).
-112
Let d(a) = 4*a**2 + 1182*a + 67587. Determine d(-218).
7
Let k(z) = 95*z**2 + 1898*z - 51. Give k(-20).
-11
Let u(h) = 144*h**2 - 55986*h + 111965. Determine u(2).
569
Let m(g) = -5243*g - 424676. Calculate m(-81).
7
Let u(q) = -294*q**2 - 44*q + 32. What is u(-2)?
-1056
Let x(s) = s**3 + 23*s**2 - 81*s - 2290. What is x(-22)?
-24
Let f(h) = 11*h**2 - 1620*h - 38859. What is f(-21)?
12
Let c(m) = -119*m + 717. Determine c(5).
122
Let r(g) = 641*g + 22893. Give r(-34).
1099
Let f(z) = 30*z**3 - 1767*z**2 - 70*z - 6280. Give f(59).
33
Let j(v) = 377253*v - 16976381. Give j(45).
4
Let m(h) = 2*h**3 + 21*h**2 + 81*h + 724. Determine m(-10).
14
Let y(l) = 14*l**3 - 168*l**2 + 29*l - 349. Determine y(12).
-1
Let z(i) = 6179*i - 568471. Determine z(92).
-3
Let x(o) = -46*o**2 + 35*o + 46. Give x(12).
-6158
Let q(z) = -22*z**2 + 426*z - 1962. What is q(13)?
-142
Let v(b) = -5*b**3 + 4*b**2 - 52*b + 130. What is v(4)?
-334
Let y(p) = -1251*p + 102504. Give y(82).
-78
Let f(o) = 1326*o + 46697. Calculate f(-35).
287
Let l(w) = 278867*w - 5298478. Give l(19).
-5
Let r(y) = -2178*y + 1918. What is r(0)?
1918
Let v(j) = 3*j**2 - 208*j + 2257. What is v(14)?
-67
Let a(j) = 19136*j + 2487682. Determine a(-130).
2
Let c(u) = 1139*u + 677716. Give c(-595).
11
Let s(c) = c**3 - 24*c**2 + 1744*c - 25733. What is s(15)?
-1598
Let y(b) = -880*b - 3487. Determine y(-4).
33
Let q(b) = 11074*b - 88561. Calculate q(8).
31
Let l(q) = -15938*q - 143367. Determine l(-9).
75
Let i(r) = -4855*r + 10525644. Determine i(2168).
4
Let o(a) = -84*a**2 + 18546*a + 3948. Give o(221).
-30
Let a(b) = 897*b + 185753. Calculate a(-207).
74
Let r(d) = 3*d**3 + 70*d**2 + 25*d - 294. What is r(-22)?
1092
Let g(y) = 2*y**3 + 2*y**2 + 410*y + 1644. What is g(-4)?
-92
Let k(h) = 6*h**3 + 40*h**2 + 752*h + 5360. Calculate k(-7).
-2
Let a(b) = 995*b - 140266. Calculate a(141).
29
Let x(c) = 5*c**2 - 80*c - 255. Calculate x(20).
145
Let a(x) = 3*x**2 + 1239*x + 16777. Calculate a(-399).
19
Let d(n) = 5779*n + 1109659. Give d(-192).
91
Let j(h) = 597*h + 96771. Determine j(-162).
57
Let a(m) = -1379*m + 12257. What is a(9)?
-154
Let d(q) = -15823*q + 1028496. Give d(65).
1
Let o(y) = y**2 + 534*y - 16285. Give o(31).
1230
Let h(l) = -8*l**2 + 2823*l + 16885. Calculate h(-6).
-341
Let t(k) = 2066*k**2 + 218*k + 223. Give t(-1).
2071
Let o(c) = c**3 + 102*c**2 + 187*c - 763. Give o(-100).
537
Let p(n) = 11000*n - 1177010. Calculate p(107).
-10
Let m(a) = a**3 - 96*a**2 + 546*a - 373. Determine m(90).
167
Let o(w) = -w**3 + 2*w**2 + 37*w - 94. What is o(4)?
22
Let j(f) = 1972*f + 26807. Give j(-12).
3143
Let o(y) = 2*y**3 + 77*y**2 - 123*y + 3368. Give o(-41).
6
Let c(j) = 5055*j + 1127295. Calculate c(-223).
30
Let b(t) = -13*t**2 + 32*t + 59. Give b(6).
-217
Let v(z) = -z**2 + 691*z + 158803. Determine v(-182).
-83
Let o(s) = -45864*s - 22014720. Give o(-480).
0
Let k(t) = -t**3 + 626*t**2 - 9856*t - 19579. What is k(18)?
5
Let l(d) = -d**2 + 24368*d + 121856. Determine l(-5).
-9
Let f(u) = u**3 + 22*u**2 - 7*u - 91. Give f(-9).
1025
Let u(p) = -1194*p + 185000. Determine u(155).
-70
Let w(q) = -q**3 - 12*q**2 + 2270*q + 91. Give w(42).
175
Let s(k) = -259*k**2 - 220*k - 471. What is s(-2)?
-1067
Let z(l) = -l**3 + 28*l**2 - 269*l + 708. Give z(5).
-62
Let f(a) = 62*a + 1819. Give f(-16).
827
Let z(k) = 2011*k - 14328. Determine z(7).
-251
Let z(k) = k**3 + 541*k**2 - 485*k + 1836347. Determine z(-548).
-1
Let r(w) = 836*w + 49467. Determine r(-61).
-1529
Let d(l) = 1071*l**2 + 8565*l + 35. Give d(-8).
59
Let c(z) = 10491*z + 4448159. Calculate c(-424).
-25
Let w(z) = z**3 - 139*z**2 - 1466*z - 3588. Determine w(149).
-12
Let c(w) = -62945*w - 1699522. Give c(-27).
-7
Let b(w) = -7*w**2 - 419*w - 6194. Determine b(-27).
16
Let b(u) = -u**3 + 6*u**2 + 154*u - 2280. Determine b(13).
-1461
Let y(v) = -127420*v + 3. Determine y(0).
3
Let a(i) = 4*i**3 - 6*i**2 - 34*i + 12. What is a(-3)?
-48
Let l(n) = 80*n**3 - 2*n**2 - 8*n - 20. Calculate l(-2).
-652
Let t(j) = 26397*j + 263975. Determine t(-10).
5
Let g(d) = -2*d**2 + 4275*d - 17079. What is g(4)?
-11
Let z(f) = f**2 - 264*f + 2215. Calculate z(9).
-80
Let w(s) = 22141*s - 398940. Give w(18).
-402
Let j(p) = 89*p**2 + 8101*p - 152. Give j(-91).
-334
Let j(d) = 20*d**2 + 5873*d + 26882. Determine j(-289).
5
Let y(m) = 11*m**2 + 449*m - 2583. Give y(-46).
39
Let g(z) = 2058*z + 20593. Give g(-10).
13
Let v(d) = -36*d**2 - 3090*d - 17314. What is v(-6)?
-70
Let v(b) = b**3 - 10*b**2 + 84*b - 77. What is v(9)?
598
Let v(w) = -w**3 + 74*w**2 - 1029*w + 1273. Determine v(56).
97
Let m(h) = -5638*h + 811868. Calculate m(144).
-4
Let s(o) = -5*o**2 - 454*o + 13267. Calculate s(-114).
43
Let q(y) = y**2 - 1369*y - 93211. Give q(-65).
-1
Let r(h) = -2*h**2 - 144*h + 3543. Give r(26).
-1553
Let k(x) = 864*x - 82028. What is k(95)?
52
Let h(q) = 3*q**3 - 66*q**2 - 2638*q + 57834. What is h(22)?
-202
Let c(j) = 212*j - 15976. Determine c(73).
-500
Let b(t) = -184*t**2 - 210*t + 235. Determine b(1).
-159
Let h(n) = 29770*n - 119795. Determine h(4).
-715
Let k(a) = 764*a - 314048. Give k(411).
-44
Let r(l) = -169438*l + 169425. Calculate r(1).
-13
Let u(q) = 8*q**3 + 174*q**2 - 48*q - 32. What is u(-22)?
56
Let x(t) = -1411*t - 62886. Calculate x(-44).
-802
Let p(o) = o**2 - 16709*o - 2665003. Determine p(-158).
-17
Let t(y) = y**3 - 41*y**2 + 80*y - 512. Calculate t(40).
1088
Let s(k) = -k**3 + 240*k**2 + 5476*k - 98. Determine s(-21).
7
Let q(g) = 3*g**3 + 157*g**2 + 350*g - 27. Give q(-50).
-27
Let p(u) = 1414*u - 99120. Calculate p(70).
-140
Let x(y) = -y**3 + 26*y**2 + 324*y - 7862. Calculate x(26).
562
Let m(v) = 12*v**2 - 305*v - 6335. What is m(39)?
22
Let u(d) = 2876*d + 169238. Calculate u(-59).
-446
Let g(n) = -17527*n - 438168. Determine g(-25).
7
Let m(c) = 1140*c + 95395. Give m(-84).
-365
Let n(z) = 24609*z - 787494. Give n(32).
-6
Let y(z) = z**3 - 22*z**2 + 594*z - 14186. Give y(23).
5
Let m(z) = 600*z - 172174. Calculate m(287).
26
Let c(f) = f**3 + 138*f**2 - 544*f + 24541. Give c(-143).
88
Let y(w) = w**3 - 72*w**2 + 33*w + 2707. Calculate y(71).
9
Let s(z) = -z**3 - 150*z**2 - 3828*z + 3841. What is s(-117)?
-20
Let s(i) = 14*i**2 - 3372*i + 22448. Calculate s(234).
-16
Let w(z) = -17088*z - 410141. What is w(-24)?
-29
Let j(w) = w**3 - 20*w**2 - 36*w - 5275. Give j(28).
-11
Let o(h) = -h**3 - 78*h**2 + 515*h - 144. Determine o(6).
-78
Let v(w) = -2*w**2 + 5488*w - 54677. Determine v(10).
3
Let z(u) = -31*u**2 + 158*u + 1003. Determine z(-4).
-125
Let i(